 - q = -101. What are the prime factors of s?
97
Suppose 276*z - 130*z = 517570. List the prime factors of z.
5, 709
Suppose 2*d + 426 = 6*d + 2*m, -322 = -3*d - 2*m. Suppose t + 85 = 2*o, 2*t + 5*o + 111 = -d. Let u = -54 - t. List the prime factors of u.
41
Suppose 265*i - 261*i = 0. Suppose 60*y - 61*y + 589 = i. List the prime factors of y.
19, 31
Let k = -44382 + 103779. List the prime factors of k.
3, 13, 1523
What are the prime factors of (-11745)/(-54)*(-508)/(-3) - 6?
2, 4603
Suppose -4238 = -2*u + 3*s, -2*u + 2*s + 8476 = 2*u. Let h = -809 + u. What are the prime factors of h?
2, 5, 131
Suppose -12*x + 22 = -x. Suppose x*m + 947 = -93. Let y = m + 754. List the prime factors of y.
2, 3, 13
Suppose n - 3*k = 40544, -27*k + 30*k + 202708 = 5*n. List the prime factors of n.
71, 571
Let j = 62 + -76. List the prime factors of (j - -306) + (2 - 4 - 3).
7, 41
Let j(o) = -8*o**2 - 2*o + 33. Let m be j(15). Let l = 2895 + m. List the prime factors of l.
2, 3, 61
Let o(f) = 182*f**2 + 2*f - 11. Let t be o(2). Let v = t - -392. What are the prime factors of v?
3, 7, 53
Let f = 5904 + -3857. List the prime factors of f.
23, 89
Let j(n) = -7*n - 29. Let f be j(-11). Suppose -w - 45 = -f. Suppose w*k = 11*k - 1056. What are the prime factors of k?
2, 3, 11
Let v be (18/(-4) - -6)*6/(-9). What are the prime factors of ((32 - 4) + v)*18 - -2?
2, 61
Suppose -7*b = -6*b - h + 1, -2*b + 10 = 2*h. What are the prime factors of 3/(-6)*b + 126?
5
Let i(v) = 390*v + 44240. List the prime factors of i(0).
2, 5, 7, 79
Suppose 6*u - 2*u - 5*z - 135901 = 0, 2*u = 4*z + 67958. What are the prime factors of u?
3, 13, 67
Let s = 155 - -92. Let r = s + -110. What are the prime factors of r?
137
Let h = -10 - -52. Suppose 0 = 10*d - 16*d + h. Suppose -3*a = -d - 14. What are the prime factors of a?
7
What are the prime factors of (4/5)/((-9)/2190*24/(-630))?
2, 5, 7, 73
Let c = 247 - 244. Suppose 5*x = 4*x - 5*q + 791, -15 = -c*q. List the prime factors of x.
2, 383
Let s(b) = -14*b + 29. Suppose -45 - 65 = 10*t. What are the prime factors of s(t)?
3, 61
Suppose -6*o = -38 + 8. Let h(w) = -3*w + 18. Let q be h(o). Suppose -g + 127 = -m, 3*m + m - 353 = -q*g. What are the prime factors of g?
3, 41
What are the prime factors of (11/(-1) - -10)*(7 + -33836)?
33829
Let v be 3570/441 + (-4)/42. Suppose 4*x = g + 985, -4*x - g + 653 = -322. Suppose v*p - 3*p - x = 0. What are the prime factors of p?
7
Let c = 3433 + -1967. List the prime factors of c.
2, 733
Let x be ((-2)/(-9) - 560/90) + 3. Let m(t) = -11*t**2 + t - 15. Let s(d) = -12*d**2 + d - 16. Let b(n) = x*m(n) + 2*s(n). What are the prime factors of b(3)?
7, 13
Suppose -18 = 14*v + 38. List the prime factors of (-3)/(-6)*(1347 - 28/v).
677
Suppose 1353*p - 195019 = 1342*p. List the prime factors of p.
17729
List the prime factors of ((-2)/(-5) + (-5397)/(-45))*(663 + -111).
2, 19, 23
Let q = 265 - 253. What are the prime factors of (1432/5)/((-62)/(-5) - q)?
2, 179
Suppose 2*m + 370 = 1798. Suppose 17 + 124 = k - w, m = 5*k + 4*w. List the prime factors of k.
2, 71
Suppose 0 = -10*z + 5*z + 30. Let o(y) = -6*y**2 + 0*y - 25*y**3 - 7*y + 2*y - z*y**3 - 6. List the prime factors of o(-2).
2, 3, 19
Suppose 3 = 3*r + 18, 5*z - 25 = 5*r. Suppose 0 = -4*x - 2*y + 1791 - 483, -3*x - y + 981 = z. List the prime factors of x.
3, 109
Let s = 272 + -1826. Let i be (-18)/((-539)/s + 2/(-6)). What are the prime factors of i/(-16) + 4/(-16) + 0?
83
Let f(b) = 8*b**3 + 5*b**3 - 60 - 22*b**2 - 56*b - 12*b**3. What are the prime factors of f(25)?
5, 83
Let a(n) = n**3 + 15*n**2 + 6*n + 7. Let o be a(-15). Let y = o + 41. Let j = y - -82. What are the prime factors of j?
2, 5
Let k(a) = 273*a + 61. Suppose 10*z + 44 - 74 = 0. List the prime factors of k(z).
2, 5, 11
Let f = 522 - -106. Suppose 0 = 9*t - 2369 - f. Let z = t + -168. What are the prime factors of z?
3, 5, 11
Let l(d) = -6*d**3 - 32*d**2 - 14*d - 72. Let i(w) = -5*w**3 - 32*w**2 - 14*w - 72. Let x(n) = -5*i(n) + 4*l(n). List the prime factors of x(-30).
2, 3, 11
Suppose -48*c - 73*c + 68*c = -288638. List the prime factors of c.
2, 7, 389
What are the prime factors of ((-6)/16)/((-74)/3333552)?
3, 1877
Let p(q) = 35*q**2 - 6 - q + 10*q - 5*q - 8 - 6*q. List the prime factors of p(5).
23, 37
Let g(s) = -4*s**3 + 114*s**2 - 23*s + 151. List the prime factors of g(14).
11197
Suppose -70 = -5*i + 3*y + 2*y, i + y - 4 = 0. Suppose i*u = 4*u. Suppose -8*s + 3*s + 350 = u. List the prime factors of s.
2, 5, 7
Let a = 18519 + -12964. Suppose 14*l + 739 = a. List the prime factors of l.
2, 43
Let z = 268 + -33. Let h be (-3 + -2)/((-5)/z). Suppose -5*f - h = -3*i + 40, 469 = 5*i - 3*f. List the prime factors of i.
5, 19
Suppose 2*n + 645 - 967 = 2*h, -3*h = 6. What are the prime factors of n?
3, 53
Suppose 0 = -3*t - 8*n + 3*n - 134, -5*n + 184 = -3*t. Suppose 622 - 7 = -15*f. Let m = f - t. What are the prime factors of m?
2, 3
Let r = -7006 - -11991. Suppose 5*h + 6 = -19, h = 5*o - r. What are the prime factors of o/18 + (-1)/(3 - 0)?
5, 11
Let m(i) = 2*i**2 - 60*i + 48. Let y(d) = 3*d**2 - 90*d + 71. Let z(h) = -7*m(h) + 5*y(h). What are the prime factors of z(34)?
5, 31
Suppose 2383 = -0*j + 5*j - 10067. What are the prime factors of j?
2, 3, 5, 83
Let f be ((-7446)/102)/((-2)/(-6)). Suppose -2*y + 1 = 3. What are the prime factors of y/(-2) + f/(-2)?
2, 5, 11
Let y = -139654 - -204653. List the prime factors of y.
11, 19, 311
Let r(m) = 21*m**2 + 18*m - 120. Let z be r(9). Suppose 2*j - 5*j = -z. What are the prime factors of j?
7, 83
Suppose -1505*w = -1514*w + 45315. What are the prime factors of w?
5, 19, 53
Suppose 21*t + 5 - 23 = 24. Let v(a) = a - 2. Let i be v(4). Suppose t*b - 4*w - 46 = 0, 2*b + i*b + 3*w - 37 = 0. List the prime factors of b.
13
Let y be (-3)/(3/(-6)*(-6)/(-4)). Suppose 430 = 10*w - 8*w - y*p, -3*w + 2*p = -625. What are the prime factors of w?
5, 41
Let n(m) = 137*m - 2. Let f be n(4). Let d be ((-6)/(-4))/(f/184 - 3). Let g = -44 - d. List the prime factors of g.
2
Suppose -659319 + 22630 + 3353 = -88*s. List the prime factors of s.
3, 2399
Suppose 4*o - 3*a = 1800, -3*o + 2*o + 441 = -3*a. Let k = -184 + o. What are the prime factors of k?
269
Suppose 5297 = 29*m - 51835 - 19370. What are the prime factors of m?
2, 1319
Suppose 7*w + 100 = 2095. Suppose 4*p = 0, 2*b + 5*p = -3*b + w. Suppose 0 = 5*l + b - 652. What are the prime factors of l?
7, 17
Let k(l) = 40*l - 4 - 36*l - 7. Let q be k(4). Suppose 0 = -q*w - r + 84, -5*w + 3*r - 76 = -9*w. List the prime factors of w.
2
Let z(h) = -10*h + 2 - 4 + 44*h. Let p be z(6). Let i = -107 + p. What are the prime factors of i?
5, 19
Let a(n) = -4*n**3 + 18*n**2 + 24*n + 37. List the prime factors of a(-10).
29, 193
Let t(i) = -15*i - 102. Let s = -122 + 109. List the prime factors of t(s).
3, 31
Let v(j) = 1 - 2*j + 0*j + 4 - 2*j + j**2. Let m be v(5). Suppose -1629 = -m*o - 579. What are the prime factors of o?
3, 5, 7
Let y(u) = 33*u**2 + 156*u + 3236. What are the prime factors of y(-25)?
19961
Let i be ((-6)/8)/(-3) + (-187705)/(-28). Suppose 5*q = -11*q + i. List the prime factors of q.
419
Suppose 144*d = 142*d + 664. Suppose 0 = -12*n + d + 256. What are the prime factors of n?
7
Let v = -4789 - -10760. What are the prime factors of v?
7, 853
Suppose -32*r = 10425 + 52967. Let a = -1058 - r. List the prime factors of a.
13, 71
Suppose -3*t - 118292 = -4*o, -6*o + 5*t = 2*o - 236584. List the prime factors of o.
29573
Let d(u) = -u - 2. Let k be d(-7). Suppose -k*g = -16 + 11. What are the prime factors of (-3)/g + 6 + 61?
2
Suppose -2*y = -5*w + 2*w + 9, -4*w = 2*y - 26. Suppose o + 2*o = -w*b + 3141, o = 2*b + 1058. List the prime factors of o.
2, 263
Suppose -3*h - 5*m = h + 13, -2*h + 26 = -4*m. Let g(w) = 35*w**2 - w + 4. What are the prime factors of g(h)?
2, 79
Let l(n) = 3*n + 4. Let p be l(0). Suppose 245 = -p*m + 37. List the prime factors of (m/(-12) + -4)*171.
3, 19
List the prime factors of (-21)/(-6)*1427062/637.
7841
Let d = -41 - -42. Let v be 2 + 451 + (-1)/(d + -2). Suppose 29 = 3*o - v. List the prime factors of o.
7, 23
Suppose 7*u - 6 + 6 = 0. List the prime factors of (u + 18/(-12))*-86.
3, 43
Suppose 0 = 4*z - 5*g - 30, -z + 19*g + 3 = 20*g. Let p be 2 + -1 + (